{"id":318,"date":"2016-10-31T14:20:44","date_gmt":"2016-10-31T17:20:44","guid":{"rendered":"https:\/\/isfd100-bue.infd.edu.ar\/sitio\/?page_id=318"},"modified":"2025-02-09T17:45:01","modified_gmt":"2025-02-09T20:45:01","slug":"contacto","status":"publish","type":"page","link":"https:\/\/isfd100-bue.infd.edu.ar\/sitio\/contacto\/","title":{"rendered":"INFORMACI\u00d3N SOBRE NUESTRAS CARRERAS"},"content":{"rendered":"\n<h2 class=\"wp-block-heading\">\u00bfBusc\u00e1s informaci\u00f3n sobre nuestras carreras?<\/h2>\n\n\n\n<p>Si quer\u00e9s recibir m\u00e1s informaci\u00f3n complet\u00e1 este formulario . NO es inscripci\u00f3n, aclaramos.<\/p>\n\n\n\n<p>Pero nos permitir\u00e1 tener alguna v\u00eda de conexi\u00f3n con vos para poder ayudarte, asesorarte e invitarte a que conozcas nuestro Instituto.<\/p>\n\n\n\n<p class=\"has-text-align-center has-electric-grass-gradient-background has-background has-medium-font-size\"><a rel=\"noreferrer noopener\" href=\"https:\/\/forms.gle\/Jm5R8PtrzdY6Y7rd7\" target=\"_blank\"><strong>FORMULARIO PARA OBTENER INFORMACI\u00d3N (abrir, completar y ENVIAR!!)<\/strong><\/a><\/p>\n\n\n\n<p>\u00a1Tambi\u00e9n te invitamos a que recorras \u00e9ste SITIO WEB!; en el men\u00fa Profesorados vas a poder hallar informaci\u00f3n y ver los planes de estudio de cada carrera que se dicta en nuestro Instituto.<\/p>\n\n\n\n<p><\/p>\n","protected":false},"excerpt":{"rendered":"<p>\u00bfBusc\u00e1s informaci\u00f3n sobre nuestras carreras? Si quer\u00e9s recibir m\u00e1s informaci\u00f3n complet\u00e1 este formulario . NO es inscripci\u00f3n, aclaramos. Pero nos permitir\u00e1 tener alguna v\u00eda de conexi\u00f3n con vos para poder ayudarte, asesorarte e invitarte a que conozcas nuestro Instituto. FORMULARIO PARA OBTENER INFORMACI\u00d3N (abrir, completar y ENVIAR!!) \u00a1Tambi\u00e9n te invitamos a que recorras \u00e9ste SITIO &#8230; <a title=\"INFORMACI\u00d3N SOBRE NUESTRAS CARRERAS\" class=\"read-more\" href=\"https:\/\/isfd100-bue.infd.edu.ar\/sitio\/contacto\/\" aria-label=\"More on INFORMACI\u00d3N SOBRE NUESTRAS CARRERAS\">[+]<\/a><\/p>\n","protected":false},"author":1,"featured_media":0,"parent":0,"menu_order":0,"comment_status":"closed","ping_status":"closed","template":"","meta":[],"acf":[],"_links":{"self":[{"href":"https:\/\/isfd100-bue.infd.edu.ar\/sitio\/wp-json\/wp\/v2\/pages\/318"}],"collection":[{"href":"https:\/\/isfd100-bue.infd.edu.ar\/sitio\/wp-json\/wp\/v2\/pages"}],"about":[{"href":"https:\/\/isfd100-bue.infd.edu.ar\/sitio\/wp-json\/wp\/v2\/types\/page"}],"author":[{"embeddable":true,"href":"https:\/\/isfd100-bue.infd.edu.ar\/sitio\/wp-json\/wp\/v2\/users\/1"}],"replies":[{"embeddable":true,"href":"https:\/\/isfd100-bue.infd.edu.ar\/sitio\/wp-json\/wp\/v2\/comments?post=318"}],"version-history":[{"count":11,"href":"https:\/\/isfd100-bue.infd.edu.ar\/sitio\/wp-json\/wp\/v2\/pages\/318\/revisions"}],"predecessor-version":[{"id":1399,"href":"https:\/\/isfd100-bue.infd.edu.ar\/sitio\/wp-json\/wp\/v2\/pages\/318\/revisions\/1399"}],"wp:attachment":[{"href":"https:\/\/isfd100-bue.infd.edu.ar\/sitio\/wp-json\/wp\/v2\/media?parent=318"}],"curies":[{"name":"wp","href":"https:\/\/api.w.org\/{rel}","templated":true}]}}