{"id":1245,"date":"2025-02-07T22:04:30","date_gmt":"2025-02-08T01:04:30","guid":{"rendered":"https:\/\/isfd100-bue.infd.edu.ar\/sitio\/?page_id=1245"},"modified":"2025-02-10T20:30:48","modified_gmt":"2025-02-10T23:30:48","slug":"profesorado-de-educacion-secundaria-en-biologia","status":"publish","type":"page","link":"https:\/\/isfd100-bue.infd.edu.ar\/sitio\/profesorado-de-educacion-secundaria-en-biologia\/","title":{"rendered":"Profesorado de Educaci\u00f3n Secundaria en Biolog\u00eda"},"content":{"rendered":"\n<div class=\"alignnormal\"><div id=\"metaslider-id-1491\" style=\"width: 100%;\" class=\"ml-slider-3-33-0 metaslider metaslider-flex metaslider-1491 ml-slider ms-theme-default\" role=\"region\" aria-roledescription=\"Slideshow\" aria-label=\"Slideshow\">\n    <div id=\"metaslider_container_1491\">\n        <div id=\"metaslider_1491\" class=\"flexslider\">\n            <ul aria-live=\"polite\" class=\"slides\">\n                <li style=\"display: block; width: 100%;\" class=\"slide-1493 ms-image\" aria-roledescription=\"slide\" aria-label=\"slide-1493\"><img src=\"https:\/\/isfd100-bue.infd.edu.ar\/sitio\/wp-content\/uploads\/2025\/02\/Biologia-650x118.png\" height=\"200\" width=\"1100\" alt=\"\" class=\"slider-1491 slide-1493\" title=\"Biolog\u00eda\" \/><\/li>\n                <li style=\"display: none; width: 100%;\" class=\"slide-1495 ms-image\" aria-roledescription=\"slide\" aria-label=\"slide-1495\"><img src=\"https:\/\/isfd100-bue.infd.edu.ar\/sitio\/wp-content\/uploads\/2025\/02\/images-228x41.jpeg\" height=\"200\" width=\"1100\" alt=\"\" class=\"slider-1491 slide-1495\" title=\"images\" \/><\/li>\n                <li style=\"display: none; width: 100%;\" class=\"slide-1497 ms-image\" aria-roledescription=\"slide\" aria-label=\"slide-1497\"><img src=\"https:\/\/isfd100-bue.infd.edu.ar\/sitio\/wp-content\/uploads\/2025\/02\/istockphoto-1407235569-612x612-1-612x111.jpg\" height=\"200\" width=\"1100\" alt=\"\" class=\"slider-1491 slide-1497\" title=\"istockphoto-1407235569-612x612\" \/><\/li>\n                <li style=\"display: none; width: 100%;\" class=\"slide-1499 ms-image\" aria-roledescription=\"slide\" aria-label=\"slide-1499\"><img src=\"https:\/\/isfd100-bue.infd.edu.ar\/sitio\/wp-content\/uploads\/2025\/02\/maxresdefault-1100x200.jpg\" height=\"200\" width=\"1100\" alt=\"\" class=\"slider-1491 slide-1499\" title=\"maxresdefault\" \/><\/li>\n                <li style=\"display: none; width: 100%;\" class=\"slide-1501 ms-image\" aria-roledescription=\"slide\" aria-label=\"slide-1501\"><img src=\"https:\/\/isfd100-bue.infd.edu.ar\/sitio\/wp-content\/uploads\/2025\/02\/Quien-utilizo-por-primera-vez-la-palabra-Biologia-400x72.jpg\" height=\"200\" width=\"1100\" alt=\"\" class=\"slider-1491 slide-1501\" title=\"Qui\u00e9n utilizo por primera vez la palabra Biolog\u00eda\" \/><\/li>\n            <\/ul>\n        <\/div>\n        \n    <\/div>\n<\/div><\/div>\n\n\n\n<figure class=\"wp-block-image\"><img decoding=\"async\" loading=\"lazy\" width=\"1240\" height=\"214\" src=\"https:\/\/isfd100-bue.infd.edu.ar\/sitio\/wp-content\/uploads\/2025\/02\/BIO.png\" alt=\"\" class=\"wp-image-1232\" srcset=\"https:\/\/isfd100-bue.infd.edu.ar\/sitio\/wp-content\/uploads\/2025\/02\/BIO.png 1240w, https:\/\/isfd100-bue.infd.edu.ar\/sitio\/wp-content\/uploads\/2025\/02\/BIO-1000x173.png 1000w, https:\/\/isfd100-bue.infd.edu.ar\/sitio\/wp-content\/uploads\/2025\/02\/BIO-768x133.png 768w\" sizes=\"(max-width: 1240px) 100vw, 1240px\" \/><\/figure>\n\n\n\n<p class=\"has-text-align-right has-medium-font-size\"><strong>Plan autorizado por Resoluci\u00f3n. N\u00b0 3605\/22<\/strong><\/p>\n\n\n\n<p class=\"has-accent-color has-text-color has-medium-font-size\"><strong>Presentaci\u00f3n:<\/strong><\/p>\n\n\n\n<p>El Profesorado de Educaci\u00f3n Secundaria en Biolog\u00eda forma docentes para el desempe\u00f1o en el nivel Secundario del sistema educativo de la Provincia de Buenos Aires. Es una carrera de 4 a\u00f1os de duraci\u00f3n; en \u00e9ste Instituto la carrera se cursa en el turno vespertino \u00fanicamente y los Espacios de la Pr\u00e1ctica Docente se cursan ya sea en los turnos ma\u00f1ana y tarde en d\u00edas y horarios espec\u00edficos (horarios en los que funcionan los Niveles Secundarios de las escuelas a las que concurrir\u00e1n seg\u00fan el a\u00f1o de estudio y las indicaciones de los\/as docentes de Pr\u00e1ctica)<\/p>\n\n\n\n<p class=\"has-accent-color has-text-color has-medium-font-size\"><strong>Finalidades de la carrera:<\/strong><\/p>\n\n\n\n<p>El Profesorado de Educaci\u00f3n Secundaria en Biolog\u00eda de la Provincia de Buenos Aires tiene como finalidad formar docentes comprometidos con la igualdad y la garant\u00eda del derecho social a la educaci\u00f3n desde la confianza de que todas y todos pueden aprender afianzando la creciente autonom\u00eda de las y los estudiantes.<\/p>\n\n\n\n<p>La propuesta del dise\u00f1o curricular de la carrera se compromete con la formaci\u00f3n de profesoras y profesores que asuman la ense\u00f1anza de la Biolog\u00eda desde un enfoque evolutivo, en tanto posibilita interpretar y sistematizar el conocimiento acerca de la diversidad biol\u00f3gica, articulando diferentes escalas temporales, confiri\u00e9ndole historicidad y contexto. Se propone que aborden la ense\u00f1anza acerca de los sistemas biol\u00f3gicos desde una perspectiva que integre y articule diferentes niveles de organizaci\u00f3n, y de cuenta de m\u00faltiples interacciones con el ambiente. En este sentido, sostiene un enfoque que propone superar el car\u00e1cter neutral atribuido a la ciencia y retomar su car\u00e1cter hist\u00f3rico y complejo, vinculado con procesos sociales. De esta manera, promueve abordar problemas socio-cient\u00edficos desde una perspectiva multidimensional e integral, en particular aquellos vinculados con el ambiente y la salud. Este enfoque promueve la reflexi\u00f3n y problematizaci\u00f3n de los conocimientos biol\u00f3gicos y did\u00e1cticos, asumiendo el desaf\u00edo que implica dise\u00f1ar propuestas de ense\u00f1anza situadas que consideren diversidad de destinatarias y destinatarios, contextos y pr\u00e1cticas.<strong><\/strong><\/p>\n\n\n\n<p class=\"has-accent-color has-text-color has-medium-font-size\"><strong>Perfil del egresado\/a:<\/strong><\/p>\n\n\n\n<p>Las egresadas y los egresados del Profesorado de Educaci\u00f3n Secundaria en Biolog\u00eda de la Provincia de Buenos Aires se reconocer\u00e1n como agentes p\u00fablicos, intelectuales y como trabajadoras y trabajadores de las culturas y la educaci\u00f3n. Asumir\u00e1n el compromiso con el derecho a la educaci\u00f3n y, por lo tanto, propiciar\u00e1n el acceso al conocimiento m\u00e1s justo e igualitario de las y los estudiantes de la escuela secundaria.<\/p>\n\n\n\n<p>Reconocer\u00e1n a la ense\u00f1anza como una actividad comprometida con las finalidades educativas del nivel. En este sentido, asumir\u00e1n el compromiso con la ense\u00f1anza en la diversidad de instituciones en las que se desempe\u00f1en y con las pol\u00edticas educativas jurisdiccionales.<\/p>\n\n\n\n<p>Por lo antes enunciado, se aspira a formar Profesoras\/es de Educaci\u00f3n Secundaria en Econom\u00eda que:<\/p>\n\n\n\n<p>\u25cf Reconozcan el trabajo docente desde la comprensi\u00f3n de los procesos hist\u00f3ricos, pol\u00edticos, sociales, culturales y pedag\u00f3gicos producidos y\/o significados desde Am\u00e9rica Latina, Argentina y la Provincia de Buenos Aires.<\/p>\n\n\n\n<p>\u25cf Problematicen la construcci\u00f3n de los contenidos de ense\u00f1anza de la Biolog\u00eda entramada con las perspectivas de g\u00e9nero, ambiental y la cultura digital.<\/p>\n\n\n\n<p>\u25cf Asuman con sentido \u00e9tico y pol\u00edtico la ense\u00f1anza de la disciplina desde un enfoque evolutivo que enmarca y contextualiza el conocimiento acerca de los sistemas biol\u00f3gicos.<\/p>\n\n\n\n<p>\u25cf Establezcan una praxis coherente entre el conocimiento biol\u00f3gico a ense\u00f1ar y la construcci\u00f3n de propuestas did\u00e1cticas que promuevan conceptualizar la ciencia como una actividad humana en construcci\u00f3n permanente, social e hist\u00f3ricamente condicionada.<\/p>\n\n\n\n<p>\u25cf Analicen reflexiva y cr\u00edticamente las relaciones existentes entre el conocimiento cient\u00edfico, el tecnol\u00f3gico y la sociedad, en particular teniendo en cuenta su impacto en problem\u00e1ticas relacionadas con la salud y el ambiente.<\/p>\n\n\n\n<p>\u25cf Conozcan e interpreten que los procesos biol\u00f3gicos se suceden a diferentes escalas espaciales y temporales, encarando el estudio de la biodiversidad como resultado de un proceso hist\u00f3rico, en consonancia con la perspectiva evolutiva en tanto marco integrador y organizador de la Biolog\u00eda contempor\u00e1nea.<\/p>\n\n\n\n<p>\u25cf Conciban a los objetos de estudio y ense\u00f1anza de la Biolog\u00eda como sistemas complejos que establecen m\u00faltiples interacciones con los ambientes.<\/p>\n\n\n\n<p>\u25cf Asuman que las pr\u00e1cticas de lectura y escritura espec\u00edficas de la disciplina y del nivel son pr\u00e1cticas sociales situadas que requieren ser ense\u00f1adas, y que se aprenden de manera situada.<\/p>\n\n\n\n<p>\u25cf Dise\u00f1en e implementen propuestas did\u00e1cticas que integren pr\u00e1cticas de lectura, escritura y oralidad como objetos de ense\u00f1anza, de modo tal que promuevan el aprendizaje de contenidos biol\u00f3gicos y las maneras cient\u00edficas de explicar y argumentar, as\u00ed como tambi\u00e9n permitan apropiarse de los discursos y el vocabulario espec\u00edfico de la Biolog\u00eda.<\/p>\n\n\n\n<p>\u25cf Participen en trabajos con otras y otros docentes dise\u00f1ando proyectos institucionales propios de la educaci\u00f3n secundaria, como as\u00ed tambi\u00e9n con organizaciones de la comunidad.<\/p>\n\n\n\n<p class=\"has-large-font-size\"><strong>Plan de estudios:<\/strong><\/p>\n\n\n\n<p class=\"has-accent-color has-text-color has-medium-font-size\"><strong>Primer a\u00f1o<\/strong><\/p>\n\n\n\n<div class=\"wp-block-group is-vertical is-layout-flex wp-container-1\">\n<p>1.- Pedagog\u00eda<\/p>\n\n\n\n<p>2.- Educaci\u00f3n y transformaciones sociales contempor\u00e1neas<\/p>\n\n\n\n<p>3.- Taller de Educaci\u00f3n Sexual Integral (ESI)<\/p>\n\n\n\n<p>4.- Taller de Cultura Digital y Educaci\u00f3n<\/p>\n\n\n\n<p>5.- Matem\u00e1tica y Ciencias Naturales I<\/p>\n\n\n\n<p>6.- Introducci\u00f3n a la F\u00edsica y elementos de Astronom\u00eda<\/p>\n\n\n\n<p>7.- Qu\u00edmica y Actividad experimental I<\/p>\n\n\n\n<p>8.- Introducci\u00f3n a los sistemas biol\u00f3gicos<\/p>\n\n\n\n<p>9.- Pr\u00e1ctica Docente I<\/p>\n<\/div>\n\n\n\n<p class=\"has-accent-color has-text-color has-medium-font-size\"><strong>Segundo a\u00f1o<\/strong><\/p>\n\n\n\n<div class=\"wp-block-group is-vertical is-layout-flex wp-container-2\">\n<p>10.- Did\u00e1ctica y Curriculum (<em>cursada<\/em> <strong>1<\/strong>)<\/p>\n\n\n\n<p>11.- Psicolog\u00eda del Aprendizaje<\/p>\n\n\n\n<p>12.- An\u00e1lisis de las instituciones educativas<\/p>\n\n\n\n<p>13.- Pensamiento pol\u00edtico pedag\u00f3gico latinoamericano (<em>cursada<\/em> <strong>1<\/strong>)<\/p>\n\n\n\n<p>14.- Fisicoqu\u00edmica de sistemas biol\u00f3gicos (<em>cursada<\/em> <strong>6, 7<\/strong>)<\/p>\n\n\n\n<p>15.- Introducci\u00f3n a la Biolog\u00eda Celular y Molecular (<em>cursada<\/em> <strong>8<\/strong>)<\/p>\n\n\n\n<p>16.- Fundamentos de evoluci\u00f3n y biodiversidad (<em>cursada<\/em> <strong>8<\/strong>)<\/p>\n\n\n\n<p>17.- Did\u00e1ctica de las Ciencias Naturales (<em>cursada<\/em> <strong>6 <\/strong>o<strong> 7 <\/strong>u<strong> 8<\/strong>)<\/p>\n\n\n\n<p>18.- Ciencias de la Tierra (<em>cursada<\/em> <strong>7, 8<\/strong>)<\/p>\n\n\n\n<p>19.- Educaci\u00f3n Ambiental (<em>cursada<\/em> <strong>8<\/strong>)<\/p>\n\n\n\n<p>20.- Pr\u00e1ctica Docente II (<em>acreditadas<\/em> <strong>2<\/strong>,<strong> 8<\/strong>,<strong> 9<\/strong>)<\/p>\n<\/div>\n\n\n\n<p class=\"has-accent-color has-text-color has-medium-font-size\"><strong>Tercer a\u00f1o<\/strong><\/p>\n\n\n\n<div class=\"wp-block-group is-vertical is-layout-flex wp-container-3\">\n<p>21.- Pol\u00edtica educativa argentina (<em>cursada<\/em> <strong>13<\/strong>)<\/p>\n\n\n\n<p>22.- Problemas filos\u00f3ficos de la educaci\u00f3n<\/p>\n\n\n\n<p>23.- Trayectorias educativas de j\u00f3venes y adultos (<em>cursada<\/em> <strong>3<\/strong>, <strong>4<\/strong>)<\/p>\n\n\n\n<p>24.- Qu\u00edmica Biol\u00f3gica (<em>cursada<\/em> <strong>14<\/strong>, <strong>15<\/strong>)<\/p>\n\n\n\n<p>25.- Biolog\u00eda de Plantas y Algas (<em>cursada<\/em> <strong>7<\/strong>, <strong>16<\/strong>)<\/p>\n\n\n\n<p>26.- Biolog\u00eda de los Animales (<em>cursada<\/em> <strong>7<\/strong>, <strong>16<\/strong>)<\/p>\n\n\n\n<p>27.- Biolog\u00eda humana y Salud (<em>cursada<\/em> <strong>3<\/strong>,<strong> 14<\/strong>,<strong> 15<\/strong>)<\/p>\n\n\n\n<p>28.- Biolog\u00eda Celular (<em>cursada<\/em> <strong>14<\/strong>,<strong> 15<\/strong>)<\/p>\n\n\n\n<p>29.- Did\u00e1ctica de la Biolog\u00eda (<em>cursada<\/em> <strong>15 <\/strong>o <strong>16<\/strong> y <strong>17<\/strong>)<\/p>\n\n\n\n<p>30.- Biolog\u00eda de microorganismos y hongos (<em>cursada<\/em> <strong>14<\/strong>, <strong>15<\/strong>)<\/p>\n\n\n\n<p>31.- Pr\u00e1ctica Docente III (<strong>todo 1er a\u00f1o cursado<\/strong> m\u00e1s <strong>15 <\/strong>o <strong>16 <\/strong>y <strong><em>acreditadas<\/em><\/strong> <strong>10, 17, 20<\/strong>)<br><br><\/p>\n\n\n\n<p class=\"has-accent-color has-text-color has-medium-font-size\"><strong>Cuarto a\u00f1o<\/strong><\/p>\n<\/div>\n\n\n\n<div class=\"wp-block-group is-vertical is-layout-flex wp-container-4\">\n<p>32.- Reflexi\u00f3n filos\u00f3fico-pol\u00edtica de la pr\u00e1ctica docente (<em>cursada<\/em> <strong>22<\/strong>, <strong><em>acreditada<\/em><\/strong><strong>31<\/strong>)<\/p>\n\n\n\n<p>33.- Derechos, Interculturalidad y ciudadan\u00eda (<em>cursada<\/em> <strong>2<\/strong>)<\/p>\n\n\n\n<p>34.- EOI (Espacio de Opci\u00f3n Institucional CFG)<\/p>\n\n\n\n<p>35.- Historia y epistemolog\u00eda de la Biolog\u00eda (<em>cursada<\/em> <strong>3<\/strong>,<strong> 16<\/strong>)<\/p>\n\n\n\n<p>36.- Evoluci\u00f3n (<em>cursada<\/em> <strong>16, 18, 28<\/strong>)<\/p>\n\n\n\n<p>37.- Gen\u00e9tica (<em>cursada<\/em> <strong>16, 24, 28<\/strong>)<\/p>\n\n\n\n<p>38.- Ecolog\u00eda (<em>cursada<\/em> <strong>16, 18<\/strong>)<\/p>\n\n\n\n<p>39.- Did\u00e1ctica de la Biolog\u00eda e Investigaci\u00f3n educativa (<em>cursada<\/em> <strong>29, <em>acreditada <\/em>31<\/strong>)<\/p>\n\n\n\n<p>40.- Educaci\u00f3n y Salud (<em>cursada<\/em> <strong>23, 27<\/strong>)<\/p>\n\n\n\n<p>41.- Problem\u00e1ticas socio-ambientales (<em>cursada<\/em> <strong>17, 18, 19<\/strong>)<\/p>\n\n\n\n<p>42.- EOI (Espacio de Opci\u00f3n Institucional CFE)<\/p>\n\n\n\n<p>43.- UCO (Unidad Curricular Optativa) (<strong>todo 1er y 2do a\u00f1o cursados<\/strong>)<\/p>\n\n\n\n<p>44.- Pr\u00e1ctica Docente IV (<strong>todo 2do a\u00f1o cursado<\/strong> m\u00e1s <strong><em>acreditadas<\/em><\/strong> <strong>23, 29, 31<\/strong>)<br><br><\/p>\n<\/div>\n\n\n\n<p>* E.O.I. y U.C.O.: Nombre y contenidos de los mismos pueden variar seg\u00fan el a\u00f1o de cursada. Uno E.O.I. corresponde al Campo de la Formaci\u00f3n General (CFG) y otro, al Campo de la Formaci\u00f3n Espec\u00edfica (CFE)<\/p>\n\n\n\n<p><strong>NOTA: <\/strong><\/p>\n\n\n\n<p class=\"has-accent-color has-base-background-color has-text-color has-background\"><strong>Al lado del nombre de algunas unidades curriculares se han consignado algunos n\u00fameros entre par\u00e9ntesis que indican N\u00b0 de materia correlativa que debe tenerse (en algunos casos se exige la CURSADA APROBADA y en otros la materia ACREDITADA, esto es, con EXAMEN FINAL RENDIDO y APROBADO). <\/strong><\/p>\n\n\n\n<p class=\"has-accent-color has-base-background-color has-text-color has-background\"><strong>Esto quiere decir que para cursar la materia que se indica se deber\u00e1 previamente, haber cursado y\/o acreditado (seg\u00fan corresponda), la materia correlativa a la misma.<\/strong><\/p>\n","protected":false},"excerpt":{"rendered":"<p>Plan autorizado por Resoluci\u00f3n. N\u00b0 3605\/22 Presentaci\u00f3n: El Profesorado de Educaci\u00f3n Secundaria en Biolog\u00eda forma docentes para el desempe\u00f1o en el nivel Secundario del sistema educativo de la Provincia de Buenos Aires. Es una carrera de 4 a\u00f1os de duraci\u00f3n; en \u00e9ste Instituto la carrera se cursa en el turno vespertino \u00fanicamente y los Espacios &#8230; <a title=\"Profesorado de Educaci\u00f3n Secundaria en Biolog\u00eda\" class=\"read-more\" href=\"https:\/\/isfd100-bue.infd.edu.ar\/sitio\/profesorado-de-educacion-secundaria-en-biologia\/\" aria-label=\"More on Profesorado de Educaci\u00f3n Secundaria en Biolog\u00eda\">[+]<\/a><\/p>\n","protected":false},"author":579,"featured_media":0,"parent":0,"menu_order":0,"comment_status":"closed","ping_status":"closed","template":"","meta":[],"acf":[],"_links":{"self":[{"href":"https:\/\/isfd100-bue.infd.edu.ar\/sitio\/wp-json\/wp\/v2\/pages\/1245"}],"collection":[{"href":"https:\/\/isfd100-bue.infd.edu.ar\/sitio\/wp-json\/wp\/v2\/pages"}],"about":[{"href":"https:\/\/isfd100-bue.infd.edu.ar\/sitio\/wp-json\/wp\/v2\/types\/page"}],"author":[{"embeddable":true,"href":"https:\/\/isfd100-bue.infd.edu.ar\/sitio\/wp-json\/wp\/v2\/users\/579"}],"replies":[{"embeddable":true,"href":"https:\/\/isfd100-bue.infd.edu.ar\/sitio\/wp-json\/wp\/v2\/comments?post=1245"}],"version-history":[{"count":5,"href":"https:\/\/isfd100-bue.infd.edu.ar\/sitio\/wp-json\/wp\/v2\/pages\/1245\/revisions"}],"predecessor-version":[{"id":1502,"href":"https:\/\/isfd100-bue.infd.edu.ar\/sitio\/wp-json\/wp\/v2\/pages\/1245\/revisions\/1502"}],"wp:attachment":[{"href":"https:\/\/isfd100-bue.infd.edu.ar\/sitio\/wp-json\/wp\/v2\/media?parent=1245"}],"curies":[{"name":"wp","href":"https:\/\/api.w.org\/{rel}","templated":true}]}}